culate the remainder when v(b) is divided by s.
11
Let a(v) = 7*v**3 - 3*v**2 + 7*v + 73. Let m(d) = -4*d**3 + 2*d**2 - 4*d - 37. Let y(g) = 3*a(g) + 5*m(g). What is the remainder when y(0) is divided by 18?
16
Let d = 21 + 38. Suppose -5*k + 41 + d = 0. Calculate the remainder when 58 is divided by k.
18
Suppose h + 4 = 3*i, 2*h = 3*h + 4*i - 24. What is the remainder when 15 is divided by h?
7
Let t(o) = o**3 - 3*o**2 - 4*o + 2. Let p be t(4). Suppose p*s = 2*d + 62, -5*d + 191 = 5*s - d. Calculate the remainder when s is divided by 12.
11
Suppose 9*u - 7*u - 48 = 0. What is the remainder when 46 is divided by u?
22
Suppose -5*a + 0*a + 1079 = -4*h, h = 4*a - 861. What is the remainder when a is divided by 36?
35
Let r = 25 + -12. Calculate the remainder when 38 is divided by r.
12
Let j = -6 + 4. What is the remainder when 2*(-2)/8*j is divided by 4/6 - (-2)/6?
0
Suppose -16 = -5*q + 19. Let s = 168 + -354. Calculate the remainder when (-6)/15 + s/(-15) is divided by q.
5
Let f(t) = t**3 + 7*t**2 - 3. Let v be (5 + -10)*(-3)/(-3). Calculate the remainder when f(v) is divided by 12.
11
Let m = -64 - -106. Let s = 59 - m. Suppose -5*t + s = -208. What is the remainder when t is divided by 16?
13
Suppose 0*d - u = -d, 2*u = 3*d + 2. Let v be d/3 - 274/(-6). Suppose -o + 4*o - v = 0. Calculate the remainder when 29 is divided by o.
14
Suppose 0*k + k - 31 = 0. Let j(p) = p**2 + 3*p - 10. What is the remainder when k is divided by j(3)?
7
Calculate the remainder when (-12)/28 + (-286)/(-14) is divided by 12.
8
Let b(c) = 7*c - 6*c**2 + 7*c**3 - 6*c**3 - 2 - 4. Let g be b(5). Suppose -4 = -2*m, -2*f + 36 = g*m - 0. Calculate the remainder when f is divided by 8.
6
Let a be ((-16)/7 - -2)*-7. Let c(p) be the second derivative of -p**5/20 + p**4/3 + p**3/3 - p**2/2 + p. What is the remainder when c(a) is divided by 6?
5
Let i be (1/1)/((-3)/(-15)). Suppose -r + 13 = -i. What is the remainder when r is divided by 5?
3
Let z(b) = b**3 + b**2 - 7*b. Suppose -2*o + 8 = -12. Calculate the remainder when o is divided by z(-3).
1
Let m = 141 - 118. Calculate the remainder when m is divided by 3.
2
Calculate the remainder when 5 is divided by 3/(9/16) - 2/6.
0
Suppose 7*z = 2*z + 10. Suppose 3*r = z*k + 6, -5*r - 5 + 15 = 2*k. Let i(l) = l**2 + l - 3. Calculate the remainder when i(-3) is divided by r.
1
Calculate the remainder when 20 is divided by (2 - -3 - 3) + 10.
8
Let d(g) = -g**3 + 8*g**2 - 4*g - 4. Let c(m) = -5*m - 4. What is the remainder when c(-7) is divided by d(7)?
14
Suppose -4*a + 288 = -i + 2*i, -4*a + 3*i = -304. What is the remainder when a is divided by 25?
23
Let w(v) = -v**2 + 6*v + 44. What is the remainder when 26 is divided by w(10)?
2
Suppose -8 = -0*b - 2*b, o = -4*b + 28. What is the remainder when 34 is divided by o?
10
Suppose y = -3*j + 3*y + 43, -2*j + 14 = -5*y. Suppose -4*n = h + h - 38, -h = 1. What is the remainder when j is divided by n?
7
Suppose 0 = 6*z - z - 25. Suppose 0 = -z*u + 2*u. Suppose -2*f - n + 107 - 20 = u, 5*f - 250 = 4*n. Calculate the remainder when f is divided by 12.
10
Let t(o) = 9*o - 3. Calculate the remainder when 21 is divided by t(1).
3
Let j(r) = 10*r**2 + 2*r - 2. Let i = 29 - 11. What is the remainder when j(-2) is divided by i?
16
Suppose 3*f - 7*f = -2*y, 3*y + 2*f - 24 = 0. Let m(p) = p**2 - 3*p - 5. What is the remainder when m(y) is divided by 5?
3
Let h = -33 + 98. What is the remainder when h is divided by 22?
21
Suppose -o + 1 = -3. Suppose 120 = -v + o*v. Suppose y + 108 = 4*w - 0*w, 2*w = 4*y + v. Calculate the remainder when w is divided by 15.
13
Suppose 4*p - 72 = 4*s, 4*p = -2*s + 26 + 58. Suppose 0*j + 5*j = -w + 37, 0 = 4*j + 5*w - 38. What is the remainder when p is divided by j?
6
Let x = 19 + -16. Calculate the remainder when x is divided by 3.
0
Let w = 33 + 0. Suppose -5*z = -51 + 6. What is the remainder when w is divided by z?
6
Let h(a) = a**3 + 7*a**2 + a + 10. Let y be h(-7). Suppose 0 = -y*n + 12 + 12. What is the remainder when 14 is divided by n?
6
Calculate the remainder when 89 is divided by (-279)/(-12) + 2/(-8).
20
Suppose 5*y + 5*a = -0*y - 25, -4 = y + 2*a. Let s(f) = -5*f + 4 + 3*f - 6. What is the remainder when 19 is divided by s(y)?
9
Suppose -5*f = -3*f - 4. Suppose -w = f*w - 30. Let u(q) = -q**3 + 2*q**2 + 4*q + 1. What is the remainder when w is divided by u(3)?
2
Suppose 0 = 5*k - k - 4. What is the remainder when k*21 + (-20)/10 is divided by 7?
5
Let a = -65 + 119. Let s = 189 - a. Suppose 125 = 4*h - 3*z - 20, 4*h = 5*z + s. Calculate the remainder when h is divided by 14.
12
Let k = 29 - -59. Calculate the remainder when k is divided by 24.
16
Suppose 27*g = 24*g + 213. What is the remainder when g is divided by 15?
11
Let g(r) = -11 - 4*r + 0*r + 3. What is the remainder when 13 is divided by g(-4)?
5
Suppose -39 + 47 = j. What is the remainder when 18 is divided by j?
2
Let i = -12 - -7. Let v = 5 - i. Suppose -5*w = -3*b + 19, 5*b - 2*w - 9 = v. Calculate the remainder when b is divided by 2.
1
Let j(t) = t**3 - t + 9. Let f be j(0). Suppose -3*i - 4*d = -f*d + 18, -30 = 5*i - 2*d. What is the remainder when ((-32)/(-10))/(i/(-30)) is divided by 9?
7
Let q(f) = -13*f + 4. Calculate the remainder when 11 is divided by q(0).
3
Suppose -3*w = z + 2*w - 26, 2*w = -z + 17. Calculate the remainder when z is divided by 6 - (2 - 4/2).
5
Suppose 20 = 2*r - 5*h - 102, 3*h = 5*r - 343. Calculate the remainder when r is divided by 9.
8
Suppose -5*t = -2*t - 6. Suppose 15 = -t*i + 7*i. Suppose i*w - 39 = 6. Calculate the remainder when w is divided by 8.
7
Let p = -44 - -70. Let b(n) = n**3 + 5*n**2 - 9*n + 5. Calculate the remainder when b(-5) is divided by p.
24
Let s(t) = 11*t - 36. What is the remainder when s(13) is divided by 28?
23
Suppose 0 = -8*w + 204 - 4. Calculate the remainder when 147 is divided by w.
22
Suppose -p + 2 = 4*o - 9, -72 = -4*p - 2*o. What is the remainder when p is divided by 10?
9
Let q be (-1 + -1 - -14) + 4. Let v(b) = -2*b**2 - 2*b + 1. Let j be v(-2). Let i = q + j. What is the remainder when 24 is divided by i?
11
Let n(p) = 2*p**2 + 3*p - 3. Let r = -4 + -1. Calculate the remainder when n(r) is divided by 17.
15
Let w = 62 + -37. Suppose 0 = -3*m - 5*f + 55, -5*m + f = -2*m - w. What is the remainder when 37 is divided by m?
7
Suppose 4*h = -h + 40. Suppose 4*y - h = 64. What is the remainder when 34 is divided by y?
16
Let k = -157 + 171. What is the remainder when 54 is divided by k?
12
Let r = -5 + 52. Suppose -3*x - 76 = -8*x + 2*w, -3*w = -2*x + 26. What is the remainder when r is divided by x?
15
Let i(j) = -3*j + 6. Let s be i(-6). Suppose s = 4*z + 4. Calculate the remainder when ((-13)/(-2))/((-1)/(-2)) is divided by z.
3
Suppose -3*q - 5*t + 0*t = -156, -t = q - 54. Let l(o) = 15*o**2. What is the remainder when q is divided by l(1)?
12
What is the remainder when 63 is divided by 364/16 - 18/24?
19
Suppose 3*f = -q + 151, 2*f = 4*q + 88 + 22. Calculate the remainder when 200 is divided by f.
47
Suppose 26 = 2*b - 0*b. Calculate the remainder when 49 is divided by b.
10
Let o = 4 + 1. Suppose 4*y - 143 = -o*z + 2*z, -z = y - 47. What is the remainder when z is divided by 12?
9
Suppose -m = 3*m - 68. What is the remainder when m is divided by 10?
7
Let l(d) = -11*d - 2 + 0 - 1. Let w be ((-18)/8)/((21/(-8))/(-7)). Calculate the remainder when l(w) is divided by 16.
15
Suppose x + 2 = -8. Let a = x - -37. Calculate the remainder when 80 is divided by a.
26
Calculate the remainder when 77 is divided by (2 - 7)*((-156)/15)/4.
12
Calculate the remainder when (-2)/(-12) + 110*22/24 is divided by 26.
23
Suppose -9*z - 39 + 390 = 0. Suppose 0 = 5*s - 82 - 18. Calculate the remainder when z is divided by s.
19
Suppose 0 = 5*j + 2*w + 56 - 147, -3*j + 4*w = -65. What is the remainder when 35 is divided by j?
16
Let d = -124 + 247. Calculate the remainder when d is divided by 18.
15
Let p(w) = 4*w**2 - 2*w - 6. Calculate the remainder when p(-4) is divided by 17.
15
Let t = 5 - 3. Let r be t - (30 + -2)*-1. Suppose -2*i - 3*i = -r. Calculate the remainder when 23 is divided by i.
5
Suppose -56 = -11*c - 23. What is the remainder when 5 is divided by c?
2
Let u(w) = w**2 - 1. Calculate the remainder when u(6) is divide